at is the greatest common divisor of 12 and 3148?
4
What is the greatest common factor of 40 and 192465?
5
What is the greatest common factor of 52128 and 5184?
288
Calculate the greatest common factor of 3980124 and 9.
9
Calculate the greatest common factor of 21 and 363741.
21
What is the highest common divisor of 15729 and 3234?
147
What is the highest common factor of 270235 and 490?
245
Calculate the highest common factor of 8 and 24520.
8
What is the greatest common divisor of 14980 and 15?
5
Calculate the highest common factor of 262397 and 257.
257
What is the highest common divisor of 141 and 140577?
141
Calculate the highest common factor of 43 and 4403759.
43
Calculate the greatest common divisor of 78 and 26156.
26
Calculate the highest common factor of 34328 and 14.
14
What is the highest common factor of 1770 and 510?
30
Calculate the greatest common factor of 42 and 505491.
21
Calculate the greatest common factor of 350 and 4018.
14
What is the highest common divisor of 655 and 4014757?
131
Calculate the greatest common factor of 84 and 65926.
14
What is the highest common divisor of 203 and 1378747?
29
What is the greatest common factor of 801 and 158153?
89
What is the greatest common divisor of 270 and 140860?
10
What is the greatest common factor of 117440 and 240?
80
What is the greatest common factor of 40838 and 1106?
14
What is the highest common factor of 1673 and 77?
7
Calculate the greatest common divisor of 4386 and 7998.
258
Calculate the highest common factor of 20362 and 2.
2
Calculate the greatest common factor of 12 and 15032.
4
What is the highest common factor of 44061 and 2451?
57
Calculate the greatest common divisor of 25092 and 2244.
204
Calculate the greatest common factor of 60216 and 2964.
156
What is the greatest common divisor of 1060 and 17755?
265
What is the highest common divisor of 216 and 132360?
24
Calculate the greatest common divisor of 464 and 60871.
29
What is the greatest common divisor of 1035 and 40?
5
What is the highest common divisor of 44 and 15268?
44
What is the greatest common factor of 16717 and 458?
229
Calculate the highest common factor of 1264 and 81449.
79
What is the highest common factor of 33 and 34298?
11
What is the greatest common factor of 24808 and 280?
56
What is the greatest common divisor of 22360 and 688?
344
Calculate the greatest common factor of 80 and 325915.
5
Calculate the highest common factor of 188 and 1513024.
188
Calculate the greatest common factor of 749 and 462347.
107
What is the greatest common divisor of 7925 and 800?
25
What is the highest common divisor of 221 and 87499?
17
What is the highest common divisor of 66 and 135388?
22
What is the highest common factor of 4794 and 104669?
799
What is the greatest common factor of 69417 and 81?
81
What is the greatest common factor of 53218 and 121?
11
What is the highest common divisor of 6461 and 455?
91
What is the greatest common divisor of 9947 and 20909?
203
What is the greatest common factor of 310 and 450120?
310
What is the highest common factor of 1530 and 4933485?
765
Calculate the greatest common factor of 430 and 388935.
215
Calculate the greatest common factor of 35169 and 171.
57
Calculate the highest common divisor of 610 and 3238.
2
What is the highest common factor of 3422 and 118?
118
What is the highest common factor of 30192 and 3672?
408
Calculate the greatest common factor of 23394 and 30.
6
What is the highest common divisor of 2035 and 2365?
55
What is the greatest common divisor of 32 and 5665376?
32
What is the highest common divisor of 143 and 11715?
11
What is the highest common divisor of 6165 and 202075?
685
What is the greatest common divisor of 2680 and 268?
268
Calculate the highest common factor of 92 and 336.
4
Calculate the highest common divisor of 38 and 516135.
19
What is the greatest common divisor of 13664 and 305?
61
Calculate the greatest common divisor of 24000 and 525.
75
What is the highest common divisor of 175 and 66225?
25
What is the greatest common factor of 6996 and 2244?
132
What is the highest common factor of 71117 and 197?
197
Calculate the greatest common divisor of 9487 and 9845.
179
What is the greatest common factor of 242588 and 28?
4
Calculate the greatest common factor of 46849 and 44.
11
Calculate the highest common divisor of 18 and 10587.
3
What is the highest common factor of 9495 and 2259?
9
Calculate the greatest common divisor of 51 and 35496.
51
Calculate the greatest common factor of 126382 and 174.
58
What is the highest common divisor of 3564 and 320364?
396
What is the greatest common factor of 477648 and 192?
48
What is the greatest common divisor of 9407 and 5589?
23
What is the greatest common divisor of 2 and 17727?
1
What is the greatest common factor of 743802 and 2544?
318
Calculate the highest common factor of 1222 and 28522.
26
Calculate the greatest common factor of 757060 and 20.
20
What is the greatest common divisor of 6981 and 24297?
39
What is the highest common factor of 26 and 2024399?
13
Calculate the greatest common divisor of 387 and 157473.
9
Calculate the highest common divisor of 174484 and 5068.
724
What is the highest common factor of 6630 and 12240?
510
Calculate the greatest common factor of 496768 and 640.
128
Calculate the greatest common factor of 1103595 and 2655.
885
Calculate the highest common divisor of 337750 and 140.
70
What is the highest common factor of 931 and 1161223?
133
What is the highest common divisor of 7 and 63896?
7
Calculate the greatest common factor of 23075 and 15691.
923
Calculate the greatest common divisor of 45 and 22149.
9
Calculate the highest common factor of 2856738 and 2286.
762
Calculate the greatest common divisor of 163410 and 1950.
390
Calculate the highest common factor of 8585 and 179275.
505
What is the greatest common divisor of 1287 and 1079?
13
Calculate the highest common divisor of 28 and 244181.
7
What is the greatest common divisor of 74 and 41255?
37
What is the highest common divisor of 1380 and 56340?
60
What is the greatest common factor of 126 and 2142?
126
Calculate the greatest common divisor of 690 and 1794.
138
Calculate the highest common factor of 19769 and 2332.
53
What is the highest common divisor of 297 and 675?
27
What is the highest common factor of 648879 and 231?
231
What is the highest common divisor of 936 and 2691?
117
What is the highest common divisor of 210 and 13365?
15
What is the greatest common divisor of 60 and 144060?
60
What is the highest common factor of 11176 and 127?
127
Calculate the highest common divisor of 69600 and 7685.
145
Calculate the highest common factor of 144 and 2718.
18
Calculate the greatest common factor of 44 and 105072.
44
What is the greatest common divisor of 12475 and 125?
25
What is the greatest common factor of 90 and 5115?
15
Calculate the highest common divisor of 3555 and 340.
5
What is the greatest common divisor of 29724 and 2388?
12
What is the highest common factor of 2295858 and 12?
6
What is the greatest common divisor of 3376 and 206147?
211
What is the greatest common divisor of 1452 and 19239?
363
What is the highest common divisor of 9462 and 210156?
498
What is the greatest common factor of 4 and 5802?
2
What is the greatest common factor of 10802 and 66?
22
What is the greatest common divisor of 828 and 76500?
36
What is the greatest common divisor of 8 and 120104?
8
Calculate the highest common divisor of 716 and 968.
4
What is the greatest common divisor of 52589 and 43?
43
What is the greatest common factor of 2176 and 11458?
34
What is the highest common divisor of 16 and 691112?
8
What is the highest common factor of 284 and 101601?
71
What is the greatest common factor of 246 and 1256199?
123
What is the highest common divisor of 207081 and 25137?
1197
What is the highest common factor of 10561 and 537?
179
Calculate the greatest common divisor of 192 and 78672.
48
What is the greatest common factor of 896 and 756?
28
What is the highest common factor of 162 and 33750?
54
Calculate the highest common factor of 7505 and 10823.
79
Calculate the highest common divisor of 240979 and 1214.
607
What is the greatest common divisor of 187 and 3009?
17
What is the highest comm